{"id":14,"date":"2018-05-21T00:13:27","date_gmt":"2018-05-21T00:13:27","guid":{"rendered":"https:\/\/www.balarisimontessoritr.com\/?page_id=14"},"modified":"2020-02-25T12:58:32","modified_gmt":"2020-02-25T12:58:32","slug":"biz-kimiz","status":"publish","type":"page","link":"https:\/\/www.balarisimontessori.com\/index.php\/biz-kimiz\/","title":{"rendered":"Biz Kimiz?"},"content":{"rendered":"<div><b>&#8216;Uluslararas\u0131 Montesori Europe&#8217; derne\u011fine \u00fcye olan okulumuz, 2009 y\u0131l\u0131ndan beri Florya&#8217;da hizmet vermektedir. Okulumuzda 2-6 ya\u015f \u00f6\u011frencilerimize alternatif bir e\u011fitim modeli olan &#8216;Montessori E\u011fitimi&#8217; uygulanmaktad\u0131r. Y\u00fczy\u0131l\u0131 a\u015fk\u0131n bir s\u00fcredir d\u00fcnyaya ba\u015far\u0131s\u0131n\u0131 ispatlam\u0131\u015f olan bu e\u011fitim felsefesinde; e\u011fitimin, d\u00fcnya bar\u0131\u015f\u0131n\u0131n geli\u015fiminde \u00f6nemli bir rol\u00fc oldu\u011fu g\u00f6r\u00fc\u015f\u00fcn\u00fc savunuyoruz.<\/b><b><\/b><\/div>\n<div>\n<div class=\"separator\"><a href=\"http:\/\/web.archive.org\/web\/20170224182449\/http:\/\/4.bp.blogspot.com\/-Or5e_KV2yQk\/Uu-GUvfxoSI\/AAAAAAAAFqA\/qwPMZVb9ncE\/s1600\/images.jpeg\"><img class=\"aligncenter\" src=\"http:\/\/web.archive.org\/web\/20170224182449im_\/http:\/\/4.bp.blogspot.com\/-Or5e_KV2yQk\/Uu-GUvfxoSI\/AAAAAAAAFqA\/qwPMZVb9ncE\/s1600\/images.jpeg\" border=\"0\" \/><\/a><\/div>\n<p><b>\u00a0<\/b><\/p>\n<\/div>\n<div><b>\u00a0<\/b><\/div>\n<div><b>Yurtd\u0131\u015f\u0131 sertifikal\u0131 materyallerimiz ve montessori sadeli\u011finde d\u00f6\u015fenmi\u015f s\u0131n\u0131flar\u0131m\u0131zda, Montessori materyal e\u011fitiminin yan\u0131s\u0131ra, \u00e7ocuk duyarl\u0131l\u0131\u011f\u0131 e\u011fitiminide alm\u0131\u015f ve montessori e\u011fitim felsefesini i\u00e7selle\u015ftirmi\u015f uzman \u00f6\u011fretmen kadromuz, uzman pedago\u011fumuz ve uzman personelimizle hizmet vermekteyiz&#8230;<\/b><\/div>\n","protected":false},"excerpt":{"rendered":"<p>&#8216;Uluslararas\u0131 Montesori Europe&#8217; derne\u011fine \u00fcye olan okulumuz, 2009 y\u0131l\u0131ndan beri Florya&#8217;da hizmet vermektedir. Okulumuzda 2-6 ya\u015f \u00f6\u011frencilerimize alternatif bir e\u011fitim modeli olan &#8216;Montessori E\u011fitimi&#8217; uygulanmaktad\u0131r. Y\u00fczy\u0131l\u0131 a\u015fk\u0131n bir s\u00fcredir d\u00fcnyaya ba\u015far\u0131s\u0131n\u0131 ispatlam\u0131\u015f olan bu e\u011fitim felsefesinde; e\u011fitimin, d\u00fcnya bar\u0131\u015f\u0131n\u0131n geli\u015fiminde \u00f6nemli bir rol\u00fc oldu\u011fu g\u00f6r\u00fc\u015f\u00fcn\u00fc savunuyoruz. \u00a0 \u00a0 Yurtd\u0131\u015f\u0131 sertifikal\u0131 materyallerimiz ve montessori sadeli\u011finde d\u00f6\u015fenmi\u015f<\/p>\n","protected":false},"author":1,"featured_media":0,"parent":0,"menu_order":0,"comment_status":"closed","ping_status":"closed","template":"","meta":[],"_links":{"self":[{"href":"https:\/\/www.balarisimontessori.com\/index.php\/wp-json\/wp\/v2\/pages\/14"}],"collection":[{"href":"https:\/\/www.balarisimontessori.com\/index.php\/wp-json\/wp\/v2\/pages"}],"about":[{"href":"https:\/\/www.balarisimontessori.com\/index.php\/wp-json\/wp\/v2\/types\/page"}],"author":[{"embeddable":true,"href":"https:\/\/www.balarisimontessori.com\/index.php\/wp-json\/wp\/v2\/users\/1"}],"replies":[{"embeddable":true,"href":"https:\/\/www.balarisimontessori.com\/index.php\/wp-json\/wp\/v2\/comments?post=14"}],"version-history":[{"count":4,"href":"https:\/\/www.balarisimontessori.com\/index.php\/wp-json\/wp\/v2\/pages\/14\/revisions"}],"predecessor-version":[{"id":204,"href":"https:\/\/www.balarisimontessori.com\/index.php\/wp-json\/wp\/v2\/pages\/14\/revisions\/204"}],"wp:attachment":[{"href":"https:\/\/www.balarisimontessori.com\/index.php\/wp-json\/wp\/v2\/media?parent=14"}],"curies":[{"name":"wp","href":"https:\/\/api.w.org\/{rel}","templated":true}]}}