{"id":187,"date":"2020-02-25T12:10:14","date_gmt":"2020-02-25T12:10:14","guid":{"rendered":"https:\/\/www.balarisimontessori.com\/?page_id=187"},"modified":"2020-02-25T12:10:14","modified_gmt":"2020-02-25T12:10:14","slug":"beslenme","status":"publish","type":"page","link":"https:\/\/www.balarisimontessori.com\/index.php\/beslenme\/","title":{"rendered":"Beslenme"},"content":{"rendered":"<p>Okulumuzda;sabah kahvalt\u0131s\u0131,\u00f6\u011fle yeme\u011fi ve ikindi kahvalt\u0131s\u0131 olmak \u00fczere 3 \u00f6\u011f\u00fcn yemek haz\u0131rlan\u0131r.T\u00fcm yemekler mutfa\u011f\u0131m\u0131zda sertifikal\u0131 a\u015f\u00e7\u0131m\u0131z taraf\u0131ndan g\u00fcnl\u00fck olarak pi\u015firilir.<\/p>\n<p>Aya ait yemek listemiz g\u00fcnl\u00fck kalori hesaplamalar\u0131 yap\u0131larak Diyetisyen Seda Dursun taraf\u0131ndan onaylan\u0131p,haz\u0131rlan\u0131r.Her ay\u0131n ba\u015f\u0131nda d\u00fczenli olarak velilerle payla\u015f\u0131l\u0131r<\/p>\n<p>\u2022hi\u00e7bir yeme\u011fi k\u0131zlartmaz,ocakta pi\u015firir ya da f\u0131r\u0131nlar\u0131z<br \/>\n\u2022s\u00fct\u00fcm\u00fcz\u00fc \u00c7atalcadan taze olarak getirtiriz<br \/>\n\u2022tavuk eti yerine hindi eti yeriz.<br \/>\n\u2022yo\u011furdumuzu kendimiz mayalar\u0131z.<br \/>\n\u2022\u00e7avdar ekme\u011fi,tam bu\u011fday ve ru\u015feymli ekmek t\u00fcketiriz.<br \/>\n\u2022mevsim sebzesi ve meyvesi t\u00fcketiriz.<br \/>\n\u2022tatl\u0131lar\u0131m\u0131z\u0131 ve i\u00e7eceklerimizi bal ile tatland\u0131r\u0131r\u0131z<br \/>\n\u2022G\u00fcnl\u00fck sunulan yemeklerden bir numune alarak 48 saat buzdolab\u0131nda cam kavanozlara saklar\u0131z.<br \/>\n\u2022T\u00fcm kapal\u0131 alanlar y\u0131l i\u00e7erisinde 3 ayl\u0131k periyotlarla Nano teknoloji uygulunarak antibakteriyel hale getirilir<br \/>\nOkulumuz sa\u011fl\u0131k bakanl\u0131\u011f\u0131 taraf\u0131ndan onayl\u0131 \u201cBeyaz Bayrak sertifikas\u0131na sahiptir. <\/p>\n","protected":false},"excerpt":{"rendered":"<p>Okulumuzda;sabah kahvalt\u0131s\u0131,\u00f6\u011fle yeme\u011fi ve ikindi kahvalt\u0131s\u0131 olmak \u00fczere 3 \u00f6\u011f\u00fcn yemek haz\u0131rlan\u0131r.T\u00fcm yemekler mutfa\u011f\u0131m\u0131zda sertifikal\u0131 a\u015f\u00e7\u0131m\u0131z taraf\u0131ndan g\u00fcnl\u00fck olarak pi\u015firilir. Aya ait yemek listemiz g\u00fcnl\u00fck kalori hesaplamalar\u0131 yap\u0131larak Diyetisyen Seda Dursun taraf\u0131ndan onaylan\u0131p,haz\u0131rlan\u0131r.Her ay\u0131n ba\u015f\u0131nda d\u00fczenli olarak velilerle payla\u015f\u0131l\u0131r \u2022hi\u00e7bir yeme\u011fi k\u0131zlartmaz,ocakta pi\u015firir ya da f\u0131r\u0131nlar\u0131z \u2022s\u00fct\u00fcm\u00fcz\u00fc \u00c7atalcadan taze olarak getirtiriz \u2022tavuk eti yerine hindi<\/p>\n","protected":false},"author":1,"featured_media":0,"parent":0,"menu_order":0,"comment_status":"closed","ping_status":"closed","template":"","meta":[],"_links":{"self":[{"href":"https:\/\/www.balarisimontessori.com\/index.php\/wp-json\/wp\/v2\/pages\/187"}],"collection":[{"href":"https:\/\/www.balarisimontessori.com\/index.php\/wp-json\/wp\/v2\/pages"}],"about":[{"href":"https:\/\/www.balarisimontessori.com\/index.php\/wp-json\/wp\/v2\/types\/page"}],"author":[{"embeddable":true,"href":"https:\/\/www.balarisimontessori.com\/index.php\/wp-json\/wp\/v2\/users\/1"}],"replies":[{"embeddable":true,"href":"https:\/\/www.balarisimontessori.com\/index.php\/wp-json\/wp\/v2\/comments?post=187"}],"version-history":[{"count":1,"href":"https:\/\/www.balarisimontessori.com\/index.php\/wp-json\/wp\/v2\/pages\/187\/revisions"}],"predecessor-version":[{"id":188,"href":"https:\/\/www.balarisimontessori.com\/index.php\/wp-json\/wp\/v2\/pages\/187\/revisions\/188"}],"wp:attachment":[{"href":"https:\/\/www.balarisimontessori.com\/index.php\/wp-json\/wp\/v2\/media?parent=187"}],"curies":[{"name":"wp","href":"https:\/\/api.w.org\/{rel}","templated":true}]}}