{"id":193,"date":"2020-02-25T12:15:50","date_gmt":"2020-02-25T12:15:50","guid":{"rendered":"https:\/\/www.balarisimontessori.com\/?page_id=193"},"modified":"2020-02-25T12:16:14","modified_gmt":"2020-02-25T12:16:14","slug":"yabanci-dil","status":"publish","type":"page","link":"https:\/\/www.balarisimontessori.com\/index.php\/yabanci-dil\/","title":{"rendered":"Yabanc\u0131 Dil"},"content":{"rendered":"<p>Tam zamanl\u0131 ingilizce<br \/>\nErken ya\u015fta yabanc\u0131 dil \u00f6\u011fretiminin hedefi \u00f6ncelikle \u00e7ocukta dile y\u00f6nelik ilginin uyand\u0131r\u0131lmas\u0131d\u0131r.<br \/>\n\u201cMutlu olan \u00e7ocuk \u00f6\u011frenir\u201d ilkesinden yola \u00e7\u0131karak, \u00f6\u011frencilerimizin yabanc\u0131 dili severek, isteyerek \u00f6\u011frenmeleri bizim i\u00e7in en \u00f6nemli nokta. Bu \u00e7er\u00e7evede \u00f6\u011frencilerimiz \u0130ngilizce derslerine ders yapmak amac\u0131yla de\u011fil e\u011flenmek amac\u0131yla gelsinler istiyoruz. Ama\u00e7 e\u011flenmek olunca da daha h\u0131zl\u0131 \u00f6\u011freniyorlar. Balar\u0131s\u0131 Montessori Anaokulun\u2019da \u00f6\u011frenciler, \u0130ngilizce e\u011fitiminde de \u00f6\u011frenci merkezli bir okulda olman\u0131n ayr\u0131cal\u0131\u011f\u0131n\u0131 ya\u015f\u0131yorlar.<\/p>\n","protected":false},"excerpt":{"rendered":"<p>Tam zamanl\u0131 ingilizce Erken ya\u015fta yabanc\u0131 dil \u00f6\u011fretiminin hedefi \u00f6ncelikle \u00e7ocukta dile y\u00f6nelik ilginin uyand\u0131r\u0131lmas\u0131d\u0131r. \u201cMutlu olan \u00e7ocuk \u00f6\u011frenir\u201d ilkesinden yola \u00e7\u0131karak, \u00f6\u011frencilerimizin yabanc\u0131 dili severek, isteyerek \u00f6\u011frenmeleri bizim i\u00e7in en \u00f6nemli nokta. Bu \u00e7er\u00e7evede \u00f6\u011frencilerimiz \u0130ngilizce derslerine ders yapmak amac\u0131yla de\u011fil e\u011flenmek amac\u0131yla gelsinler istiyoruz. Ama\u00e7 e\u011flenmek olunca da daha h\u0131zl\u0131 \u00f6\u011freniyorlar. Balar\u0131s\u0131 Montessori<\/p>\n","protected":false},"author":1,"featured_media":0,"parent":0,"menu_order":0,"comment_status":"closed","ping_status":"closed","template":"","meta":[],"_links":{"self":[{"href":"https:\/\/www.balarisimontessori.com\/index.php\/wp-json\/wp\/v2\/pages\/193"}],"collection":[{"href":"https:\/\/www.balarisimontessori.com\/index.php\/wp-json\/wp\/v2\/pages"}],"about":[{"href":"https:\/\/www.balarisimontessori.com\/index.php\/wp-json\/wp\/v2\/types\/page"}],"author":[{"embeddable":true,"href":"https:\/\/www.balarisimontessori.com\/index.php\/wp-json\/wp\/v2\/users\/1"}],"replies":[{"embeddable":true,"href":"https:\/\/www.balarisimontessori.com\/index.php\/wp-json\/wp\/v2\/comments?post=193"}],"version-history":[{"count":2,"href":"https:\/\/www.balarisimontessori.com\/index.php\/wp-json\/wp\/v2\/pages\/193\/revisions"}],"predecessor-version":[{"id":195,"href":"https:\/\/www.balarisimontessori.com\/index.php\/wp-json\/wp\/v2\/pages\/193\/revisions\/195"}],"wp:attachment":[{"href":"https:\/\/www.balarisimontessori.com\/index.php\/wp-json\/wp\/v2\/media?parent=193"}],"curies":[{"name":"wp","href":"https:\/\/api.w.org\/{rel}","templated":true}]}}